y 213?
80
What is the remainder when 63498 is divided by 488?
58
What is the remainder when 17000 is divided by 67?
49
Calculate the remainder when 7245 is divided by 425.
20
Calculate the remainder when 85955 is divided by 6.
5
What is the remainder when 378102 is divided by 78?
36
What is the remainder when 134137 is divided by 3?
1
What is the remainder when 15090 is divided by 2509?
36
What is the remainder when 18996 is divided by 6326?
18
Calculate the remainder when 1072 is divided by 522.
28
What is the remainder when 17223 is divided by 615?
3
Calculate the remainder when 20726 is divided by 235.
46
What is the remainder when 12034 is divided by 334?
10
Calculate the remainder when 14071 is divided by 57.
49
What is the remainder when 1120199 is divided by 26051?
6
Calculate the remainder when 7065 is divided by 3519.
27
What is the remainder when 12282 is divided by 351?
348
What is the remainder when 3309 is divided by 34?
11
What is the remainder when 927 is divided by 202?
119
What is the remainder when 43487 is divided by 43486?
1
Calculate the remainder when 3564 is divided by 686.
134
Calculate the remainder when 217389 is divided by 13.
3
What is the remainder when 9976 is divided by 2489?
20
Calculate the remainder when 3174 is divided by 173.
60
What is the remainder when 4544 is divided by 895?
69
Calculate the remainder when 14807 is divided by 243.
227
What is the remainder when 414595 is divided by 23?
20
What is the remainder when 12350 is divided by 307?
70
What is the remainder when 10390 is divided by 132?
94
What is the remainder when 31202 is divided by 31?
16
Calculate the remainder when 4437 is divided by 1637.
1163
Calculate the remainder when 11436 is divided by 2473.
1544
What is the remainder when 115222 is divided by 459?
13
Calculate the remainder when 4119 is divided by 46.
25
Calculate the remainder when 151199 is divided by 180.
179
What is the remainder when 11327 is divided by 11307?
20
Calculate the remainder when 667016 is divided by 23.
16
What is the remainder when 2311 is divided by 467?
443
What is the remainder when 115901 is divided by 13?
6
What is the remainder when 2466 is divided by 820?
6
What is the remainder when 4446 is divided by 1103?
34
Calculate the remainder when 7590 is divided by 7561.
29
What is the remainder when 23802 is divided by 12?
6
What is the remainder when 1287739 is divided by 433?
430
What is the remainder when 718 is divided by 130?
68
Calculate the remainder when 713 is divided by 102.
101
Calculate the remainder when 181057 is divided by 44.
41
What is the remainder when 2044 is divided by 226?
10
What is the remainder when 40871 is divided by 254?
231
Calculate the remainder when 11675 is divided by 32.
27
What is the remainder when 645378 is divided by 92?
90
What is the remainder when 15369 is divided by 310?
179
What is the remainder when 4263 is divided by 1051?
59
Calculate the remainder when 221038 is divided by 8.
6
Calculate the remainder when 542 is divided by 487.
55
What is the remainder when 362437 is divided by 181215?
7
What is the remainder when 130252 is divided by 130246?
6
What is the remainder when 2868 is divided by 285?
18
Calculate the remainder when 218746 is divided by 1250.
1246
Calculate the remainder when 21951 is divided by 912.
63
What is the remainder when 32885 is divided by 2188?
65
Calculate the remainder when 28712 is divided by 173.
167
What is the remainder when 8604 is divided by 4?
0
What is the remainder when 35565 is divided by 8879?
49
Calculate the remainder when 35345 is divided by 301.
128
What is the remainder when 907 is divided by 56?
11
What is the remainder when 206871 is divided by 206847?
24
What is the remainder when 23342 is divided by 614?
10
What is the remainder when 2106 is divided by 838?
430
What is the remainder when 1606 is divided by 9?
4
Calculate the remainder when 6359 is divided by 144.
23
Calculate the remainder when 28986 is divided by 1524.
30
Calculate the remainder when 237334 is divided by 899.
897
Calculate the remainder when 6265 is divided by 2865.
535
Calculate the remainder when 44058 is divided by 153.
147
What is the remainder when 769 is divided by 90?
49
What is the remainder when 45495 is divided by 474?
465
Calculate the remainder when 6990 is divided by 20.
10
What is the remainder when 1963 is divided by 597?
172
What is the remainder when 6154 is divided by 4614?
1540
Calculate the remainder when 5131913 is divided by 1059.
1058
What is the remainder when 843011 is divided by 167?
162
What is the remainder when 303 is divided by 230?
73
Calculate the remainder when 19736 is divided by 18.
8
Calculate the remainder when 1001382 is divided by 153.
150
Calculate the remainder when 2692 is divided by 1070.
552
Calculate the remainder when 321777 is divided by 76.
69
Calculate the remainder when 672 is divided by 22.
12
Calculate the remainder when 1363 is divided by 272.
3
Calculate the remainder when 31384 is divided by 1255.
9
Calculate the remainder when 297 is divided by 120.
57
What is the remainder when 5199 is divided by 40?
39
Calculate the remainder when 32483 is divided by 189.
164
What is the remainder when 55209 is divided by 127?
91
What is the remainder when 2377755 is divided by 220?
215
What is the remainder when 105403 is divided by 366?
361
Calculate the remainder when 368916 is divided by 83.
64
Calculate the remainder when 3249320 is divided by 1083106.
2
Calculate the remainder when 205089 is divided by 81.
78
Calculate the remainder when 66980 is divided by 16736.
36
What is the remainder when 9162 is divided by 241?
4
Calculate the remainder when 7114 is divided by 34.
8
Calculate the remainder when 235037 is divided by 74.
13
What is the remainder when 5103 is divided by 725?
28
What is the remainder when 269443 is divided by 33680?
3
Calculate the remainder when 6693 is divided by 238.
29
Calculate the remainder when 4747 is divided by 243.
130
What is the remainder when 14337 is divided by 2758?
547
Calculate the remainder when 225949 is divided by 361.
324
What is the remainder when 1512 is divided by 30?
12
What is the remainder when 26495 is divided by 6590?
135
Calculate the remainder when 1064094 is divided by 32.
30
What is the remainder when 9072 is divided by 1095?
312
What is the remainder when 4007712 is divided by 397?
394
What is the remainder when 69712 is divided by 23?
22
Calculate the remainder when 1135802 is divided by 317.
308
Calculate the remainder when 10843 is divided by 3350.
793
What is the remainder when 81923 is divided by 118?
31
Calculate the remainder when 5411 is divided by 24.
11
Calculate the remainder when 9089 is divided by 84.
17
What is the remainder when 8648 is divided by 8478?
170
What is the remainder when 18618 is divided by 3101?
12
What is the remainder when 393 is divided by 98?
1
What is the remainder when 107307 is divided by 26809?
71
Calculate the remainder when 640197 is divided by 200.
197
What is the remainder when 85861 is divided by 850?
11
What is the remainder when 119952 is divided by 82?
68
What is the remainder when 2902 is divided by 92?
50
What is the remainder when 164365 is divided by 530?
65
Calculate the remainder when 43806 is divided by 67.
55
What is the remainder when 7830 is divided by 393?
363
Calculate the remainder when 20416 is divided by 249.
247
Calculate the remainder when 14807 is divided by 35.
2
Calculate the remainder when 21622 is divided by 240.
22
What is the remainder when 109441 is divided by 36428?
157
Calculate the remainder when 12532 is divided by 67.
3
Calculate the remainder when 11132 is divided by 1098.
152
What is the remainder when 76961 is divided by 303?
302
What is the remainder when 595 is divided by 92?
43
Calculate the remainder when 4881 is divided by 1259.
1104
What is the remainder when 9487 is divided by 9?
1
Calculate the remainder when 7697 is divided by 160.
17
Calculate the remainder when 10549 is divided by 165.
154
What is the remainder when 171809 is divided by 8181?
8
Calculate the remainder when 627 is divided by 106.
97
Calculate the remainder when 3091 is divided by 639.
535
What is the remainder when 3132 is divided by 346?
18
What is t